 -6*g - 253. Let h(d) = -3*f(d) - 8*r(d). Is h(0) prime?
False
Suppose -63 = 4*l + 4*i - 7, 2*l = 5*i - 56. Let d = -14 - l. Suppose 295 = d*v + v - s, 3*v + 3*s - 177 = 0. Is v a prime number?
True
Suppose -5*p + 7*p - 7754 = 0. Is p a prime number?
True
Let z(x) = 477*x + 404. Is z(17) a prime number?
True
Let c be -4 + 9333/2 + (-2)/4. Let x = -3161 + c. Is x prime?
False
Let p = -2053 + 6927. Is 5*(p/10 - (-4)/(-10)) prime?
False
Let q(l) = -l**3 + 10*l**2 - 9*l + 1. Let i be q(6). Suppose -285 = -4*h + i. Is h composite?
True
Let u = 19 + 1. Suppose -5*i - u = 0, i + 1498 = 2*p - 0*i. Let o = 1128 - p. Is o a composite number?
True
Let n = -3884 + 6867. Is n composite?
True
Let n be (-126)/33 - (-8)/(-44). Let k be 111*-5*n/30. Suppose -7*t = -9*t + k. Is t composite?
False
Let p = 187 - -8910. Is p a prime number?
False
Let v = 13 - 24. Let q(z) = 4*z**2 - 3*z + 7. Let t(m) = 13*m**2 - 10*m + 21. Let n(c) = v*q(c) + 4*t(c). Is n(6) composite?
True
Let z(r) = 246*r**2 + 4*r + 1. Suppose -4*w = -4*t - 30 + 2, t - 5 = -2*w. Is z(t) prime?
True
Suppose 3*i + 4*a = -1, 4*i - 6*a = -2*a - 20. Is (-1 - 190)*-2*i/(-6) prime?
True
Let x be (-4 + -1)/(-5)*-6. Is ((-4)/x - 0)/((-4)/(-9942)) composite?
False
Suppose 4*r - a = 99, -r + 22 = -2*a - 1. Suppose -r = 2*g - 7*g. Let i = g - -9. Is i composite?
True
Let o(k) = 60*k + 57. Suppose 0 = 2*d - 2*r - 40, 5*d + r = 3*r + 100. Is o(d) composite?
True
Suppose -5*h + 6 = -19. Suppose 0*u + h*u - 4*r = 463, -80 = -u + 5*r. Let s = -64 + u. Is s composite?
False
Let h(j) = -j**2 + 10*j - 10. Let z be h(8). Let n(f) = 14*f**2 - 4*f - 1. Is n(z) prime?
True
Let n = -2 - -4. Suppose -n*r + r + 3 = 0. Suppose -4*m = 3*g - 177, -r*m + 81 + 37 = 2*g. Is g prime?
True
Is ((-29242)/1)/((-164)/246) prime?
False
Suppose -5*q + 6942 = t, 1 = 2*q + 3. Is t composite?
False
Let l be (-2 + 1)*(-7 + 7). Suppose 3*r + r - 12 = l. Is 186/8 + r/(-12) a composite number?
False
Suppose 2*v = 8, -5*h + 4*v - 7*v + 13957 = 0. Is h a prime number?
True
Suppose -5*v - 2*s = -5*s - 22, 0 = 4*v - 3*s - 17. Suppose 0 = v*x - 7*x + 2. Is 17 + (6 - 3 - x) a prime number?
True
Let i = -30 - -53. Suppose 2*o - o = 5*y - 7, y + 13 = 2*o. Let u = o + i. Is u prime?
True
Suppose c = -0*r - 2*r - 1273, 2*c = -5*r - 2550. Let b = 1800 + c. Is b a prime number?
False
Let g(v) = 102*v**2 - 6*v + 4. Let n be g(-3). Suppose -2288 = -6*k + n. Is k a composite number?
True
Let d = 99 + -57. Suppose 3*m + d = m. Is (14/m)/(4/(-4890)) a composite number?
True
Suppose 0 = 3*t - 5*t. Is t - 3 - (-8494 - 10) a composite number?
False
Let s be (0 - 2 - -4)/2. Suppose 2 = -5*b + c + 2*c, -3*b + 2*c - s = 0. Is (362 - b)*(-3)/(-9) a prime number?
False
Let i(z) = -z**3 - 9*z**2 + 4. Let o be i(-9). Is 2450 + 2 + 3 + o a composite number?
False
Suppose u + 20 = -4*s, -4*u + 2 = -s - 3. Let r be u/((-3)/(9/3)). Let d = r - -2. Is d composite?
False
Let y = 163 - -1194. Is y a composite number?
True
Let t(b) be the first derivative of -b**2/2 + 12*b + 9. Let i be t(5). Suppose -i*j = -11*j + 76. Is j a prime number?
True
Let z(y) = -312*y. Let n be z(-6). Let w = n - 1241. Is w composite?
False
Let q = 151 - 2. Is q prime?
True
Suppose 5*r - 2877 = -3*i, 5*r + 4 - 19 = 0. Let b = 1352 - i. Is b a composite number?
True
Suppose -2*p + 26337 = -l, -15*l - 39505 = -3*p - 13*l. Is p composite?
True
Let c(l) = -l**2 - 11*l. Let w be c(-11). Suppose 0 = -w*t + t - 121. Is t composite?
True
Let q(m) = 269*m**2 - 2*m - 2. Let o be (-75)/9 - (-1)/3. Let k be (2/o)/((-1)/(-4)). Is q(k) a composite number?
False
Let y = 447986 - 16903. Is y a composite number?
False
Let s be ((-1)/1)/(2/6). Let w(z) = -z**2 - 4*z - 2. Let y be w(s). Let l(x) = 88*x**3 + x**2 - x + 1. Is l(y) a prime number?
True
Suppose 0 = -5*d + 5*b, 0 = -0*b - 2*b + 4. Suppose -s + 4083 = 3*v, 2*s = d*v - s - 2722. Is v composite?
False
Is (-56692)/(-10) + (-17)/85 a prime number?
True
Let t(v) = -v**3 - 3*v**2 + 2*v - 5. Let i be t(9). Let n = -50 - i. Suppose 1118 = 3*k - s, -4*k + n = 4*s - 555. Is k a composite number?
True
Let v = 301 - 292. Let c(n) be the third derivative of 5*n**4/12 - 7*n**3/2 + n**2. Is c(v) prime?
False
Suppose -5*b + 5*r = -109355, -2*b = b + r - 65613. Is b a composite number?
False
Let g be (-29806)/(-3) + (-18)/54. Suppose 2*q - 1987 = m, 3*q - 6*q = -5*m - g. Let b = m - -3548. Is b prime?
False
Let v be (0 - 0)/((-1)/(-1)). Let w(a) = 3*a**2 + 4 + 40*a**3 + v - 5 + 0*a**2. Is w(2) prime?
True
Let q be 2/4*(3 + (-19 - -4)). Let s(x) = 6*x**2 + 5*x + 13. Is s(q) composite?
False
Suppose -4*b + 119 = -3*b. Let p be 224/b + (-4)/(-34). Is (-74)/(p + -3 + -1) a prime number?
True
Suppose 3*i - 484 = 2*i - u, -2*i = 5*u - 965. Let f = i + 1056. Is f a prime number?
False
Let b = -123 - -135. Is 2/(-8) - (4 + (-37287)/b) a composite number?
True
Let s = -32400 + 45691. Is s a prime number?
True
Is 350 - -2*-10*(-5)/20 composite?
True
Suppose -3*i + c + 22 = 3*c, 0 = 5*c - 10. Let w be 3/i + 582/4. Let z = -19 + w. Is z a composite number?
False
Is (109570/40 + 4)/((-1)/(-4)) a prime number?
True
Suppose -4*q - 3*m = -0*m - 149801, -2*m = 4*q - 149802. Is q prime?
False
Let u(w) = -w**2 + w - 2. Let p be u(0). Let m be (0 - -4)*49/p. Let g = 207 + m. Is g composite?
False
Let c = -1 + 70. Suppose -c = 4*j - 1237. Suppose 360 + j = 4*y. Is y a prime number?
True
Let t(k) = -11*k**3 - 2*k**2 - 2*k + 3. Let u be t(3). Let x be ((-580)/(-6))/(2/u). Is (-2)/5 + x/(-50) composite?
False
Suppose f + 0 = 4*r + 23, 0 = f - r - 14. Suppose 4*c + 7*a + f = 4*a, -3 = 3*a. Is 1/((5 + c)/63) composite?
True
Is -4 + 35255/10 + 4/(-8) a composite number?
True
Let p(j) = -j**3 - 14*j**2 - 9. Let b(r) = r**3 - r + 1. Let s(z) = -2*b(z) - p(z). Is s(6) composite?
False
Suppose -143 = -3*i - 5*g, -i + 3*g = 2*i - 183. Suppose 16 + i = 4*j. Suppose -p = -j + 4. Is p a prime number?
False
Suppose -d + 5*r = -423, -2*d - 477 = -5*r - 1348. Let u = d - 209. Is u a prime number?
True
Let x be 2 + 24/(-14) + 4456/(-14). Is (3/9)/((-2)/x) a composite number?
False
Let o(n) = 27*n + 17. Let d(b) = 3*b. Let s(f) = 2*f. Let x(y) = -3*d(y) + 4*s(y). Let j(h) = -o(h) + 2*x(h). Is j(-6) composite?
False
Suppose -6*k + 7*k - 22165 = -3*g, -3*k - g = -66511. Is k a prime number?
True
Let n(b) = -b**3 + 2*b + 5. Let f be n(-9). Suppose -3*z + f = z. Is z composite?
False
Suppose -4*v - 92984 = -4*q, 2*v + 0*v = -q + 23261. Is q a prime number?
True
Let l be 36/(-27)*(-6)/4. Suppose -4*s = -2*s - l. Is s*(-2 + 3) + 50 a composite number?
True
Let h(f) be the first derivative of f**3/3 + 11*f**2/2 + 5*f - 3. Let x be h(-11). Suppose -x*o = -33 - 32. Is o a composite number?
False
Is (-38169)/(6 - -3)*1*-1 prime?
True
Let b be -2*(-18)/(-12)*(1 + 1730). Let t = b - -9602. Is t prime?
True
Let t(h) = 4*h**2 + h - 23 + 32 + h - 18 + 346*h**3. Is t(2) a composite number?
True
Let o(y) be the first derivative of 157*y**4/4 + y**3/3 - y**2 + 5*y - 17. Is o(2) prime?
False
Suppose -4 = -x, 4*x + x + 6584 = 4*u. Is u composite?
True
Let x(f) = -61*f**2 + 5*f + 2. Let q be x(-4). Suppose y - 7120 = -4*r, 3*r + 0*y - 5345 = -2*y. Let n = q + r. Is n composite?
True
Suppose -4*k + 45927 = 5*j, j + 3*k + 18357 = 3*j. Is j a composite number?
True
Let q be (-1)/4 - 137/(-4). Let c(k) = -q*k - 36*k + 2 - 15 + 2. Is c(-6) prime?
True
Is 112/(-672) - (-2 + (-2091)/18) composite?
True
Suppose -4*w - 144 = 2*w. Is ((-2022)/8)/(9/w) composite?
True
Let y = -5 - -12. Suppose y*q - 1044 = -5*q. Is q a prime number?
False
Is (-2)/12 - (-7 + (-385450)/60) a prime number?
False
Suppose 5*z - 20 - 65 = 0. Let o(s) = -12*s**3 + 20*s**2 - s - 14. Let a(i) = -4*i**3 + 7*i**2 - 5. Let p(h) = z*a(h) - 6*o(h). Is p(4) composite?
False
Let h = 12 + -3. Let r = 9 - h. Suppose -l + d + 52 = 0, r*l - d = -3*l + 166. Is l a prime number?
False
Let t(o) = -2*o + 26. Let q be t(13). Suppose 4*d + 5*k = 116, k + 106 = -q*d + 3*d. Is d a prime number?
False
Let y = -2605 - -3966. Is y a prime number?
True
Let v(n) = 81*n**2 + 17*n - 57. Is v(5) composite?
False
Suppose 5*t = -0*t + 130. Suppose -p + x + 17 = -4*p, t = -2*p + 3*x. Let y(o) = -98*o - 13. Is y(p) a composite number?
False
Let t(d) = 46*d**2 + 9*d - 56. Is t(5) prime?
False
Let